15857 a composite number?
False
Is 6769 composite?
True
Is 3247607 a prime number?
False
Is 496511 composite?
False
Is 15091 a prime number?
True
Is 21059 composite?
False
Is 359277 a prime number?
False
Is 239222 a composite number?
True
Is 41867 prime?
False
Is 2117 a prime number?
False
Is 348962 a composite number?
True
Is 3737 composite?
True
Is 108181 a prime number?
False
Is 2081 composite?
False
Is 5209 a prime number?
True
Is 479 prime?
True
Is 3691 prime?
True
Is 27769 prime?
False
Is 138689 a prime number?
False
Is 16249 composite?
False
Is 58677 a prime number?
False
Is 307831 composite?
False
Is 40085 a composite number?
True
Is 405301 composite?
True
Is 274103 a prime number?
True
Is 313727 a composite number?
False
Is 177407 prime?
False
Is 347 composite?
False
Is 93531 composite?
True
Is 7817 composite?
False
Is 1388771 composite?
True
Is 1523 prime?
True
Is 4177 a prime number?
True
Is 19934 prime?
False
Is 2633 prime?
True
Is 505874 composite?
True
Is 16621 prime?
False
Is 143461 prime?
True
Is 51617 composite?
True
Is 79115 composite?
True
Is 2039 a prime number?
True
Is 14401 prime?
True
Is 440261 composite?
False
Is 47569 composite?
False
Is 21653 composite?
True
Is 11449 composite?
True
Is 242423 composite?
True
Is 2284573 composite?
False
Is 15833 prime?
False
Is 59155 a composite number?
True
Is 20287 a composite number?
False
Is 358541 composite?
False
Is 230059 composite?
False
Is 1849 a composite number?
True
Is 61001 a prime number?
True
Is 349385 composite?
True
Is 37421 composite?
True
Is 4143 a composite number?
True
Is 16595 prime?
False
Is 235435 composite?
True
Is 22463 a composite number?
True
Is 1092191 prime?
True
Is 794183 a prime number?
False
Is 1389 a composite number?
True
Is 207433 a composite number?
False
Is 326537 prime?
True
Is 320899 composite?
False
Is 27947 a prime number?
True
Is 65103 composite?
True
Is 178681 composite?
False
Is 598613 a prime number?
True
Is 369163 prime?
False
Is 39089 a composite number?
False
Is 112857 a prime number?
False
Is 242591 prime?
True
Is 4313 prime?
False
Is 176531 a composite number?
False
Is 900967 composite?
True
Is 862607 a composite number?
False
Is 27211 prime?
True
Is 257029 a composite number?
True
Is 1021043 composite?
False
Is 5548963 a prime number?
False
Is 13523 a composite number?
False
Is 5569 a prime number?
True
Is 110527 a prime number?
True
Is 483433 a composite number?
False
Is 15349 a prime number?
True
Is 2542733 a prime number?
True
Is 114721 composite?
True
Is 103847 a prime number?
False
Is 7891 a composite number?
True
Is 629 prime?
False
Is 55147 composite?
False
Is 83267 prime?
True
Is 9871 prime?
True
Is 257123 a prime number?
True
Is 1201603 composite?
True
Is 7237 a composite number?
False
Is 21477 prime?
False
Is 889 a prime number?
False
Is 1418 composite?
True
Is 57335 a prime number?
False
Is 9566 a composite number?
True
Is 35669 a composite number?
True
Is 214163 composite?
False
Is 456231 a composite number?
True
Is 1409729 composite?
True
Is 36433 a composite number?
False
Is 16127 a composite number?
False
Is 71069 a prime number?
True
Is 473 prime?
False
Is 15907 a composite number?
False
Is 1213151 a composite number?
False
Is 52949 prime?
False
Is 22361 composite?
True
Is 9649 prime?
True
Is 271289 prime?
True
Is 87679 prime?
True
Is 34603 a composite number?
False
Is 10007 prime?
True
Is 211427 a composite number?
False
Is 10135 a prime number?
False
Is 1258339 composite?
True
Is 75097 prime?
False
Is 227737 a composite number?
True
Is 270859 a composite number?
False
Is 89941 a prime number?
False
Is 4721 a prime number?
True
Is 85991 composite?
False
Is 281467 composite?
True
Is 104393 prime?
True
Is 2049 a composite number?
True
Is 1907 a composite number?
False
Is 8753 a prime number?
True
Is 1347 a composite number?
True
Is 4281947 a composite number?
True
Is 657809 prime?
True
Is 328397 composite?
False
Is 226543 prime?
False
Is 1151 composite?
False
Is 72433 a composite number?
True
Is 821767 a composite number?
True
Is 17897 composite?
True
Is 3263 composite?
True
Is 43573 composite?
False
Is 3019 a prime number?
True
Is 50309 prime?
False
Is 4547 a composite number?
False
Is 1969967 a prime number?
True
Is 2065489 a composite number?
False
Is 487853 composite?
True
Is 1009 composite?
False
Is 617359 prime?
True
Is 76569 composite?
True
Is 31105 a prime number?
False
Is 1490207 composite?
False
Is 16861 a prime number?
False
Is 1154029 a prime number?
True
Is 56149 prime?
True
Is 23117 prime?
True
Is 476347 prime?
True
Is 363863 a composite number?
True
Is 8663 prime?
True
Is 5667 a composite number?
True
Is 660319 prime?
False
Is 9349 prime?
True
Is 15011 a composite number?
True
Is 5771 a composite number?
True
Is 43531 composite?
True
Is 4045 a prime number?
False
Is 123391 prime?
False
Is 14354 a prime number?
False
Is 369023 composite?
False
Is 35669 a composite number?
True
Is 8791 a composite number?
True
Is 353939 a composite number?
False
Is 397093 composite?
False
Is 1329647 composite?
True
Is 12049 prime?
True
Is 90715 a composite number?
True
Is 701131 a prime number?
False
Is 16505 prime?
False
Is 4721 prime?
True
Is 1074939 a composite number?
True
Is 119611 a composite number?
False
Is 3695 a composite number?
True
Is 347179 a prime number?
False
Is 20021 a composite number?
False
Is 969593 a prime number?
True
Is 39493 a composite number?
True
Is 80021 a prime number?
True
Is 148661 composite?
True
Is 427 a composite number?
True
Is 61949 prime?
True
Is 17713 a prime number?
True
Is 2284481 prime?
True
Is 99469 prime?
True
Is 192473 a composite number?
True
Is 3290498 composite?
True
Is 3857585 prime?
False
Is 516907 composite?
False
Is 33949 a composite number?
True
Is 51839 prime?
True
Is 13597 a prime number?
True
Is 207227 composite?
False
Is 72739 a prime number?
True
Is 93503 a composite number?
False
Is 7165 prime?
False
Is 294893 a composite number?
False
Is 478957 composite?
True
Is 12133 prime?
False
Is 4861 prime?
True
Is 75662 prime?
False
Is 590171 composite?
False
Is 2150797 a composite number?
True
Is 15303 composite?
True
Is 767 a prime number?
False
Is 215331 composite?
True
Is 13579 prime?
False
Is 3647 a prime number?
False
Is 22343 a composite number?
False
Is 38401 prime?
False
Is 596374 a prime number?
False
Is 2611 composite?
True
Is 77069 prime?
True
Is 314031 a composite number?
True
Is 52913 a composite number?
True
Is 5381 prime?
True
Is 104827 composite?
False
Is 7121 a composite number?
False
Is 8663 a prime number?
True
Is 929 composite?
False
Is 130769 prime?
True
Is 19243 composite?
True
Is 3943 prime?
True
Is 193649 composite?
False
Is 3511 composite?
False
Is 21419 a composite number?
False
Is 6009 a prime number?
False
Is 167081 prime?
True
Is 8923 a composite number?
False
Is 9263 composite?
True
Is 299137 composite?
False
Is 990479 a prime number?
False
Is 1193 prime?
True
Is 362987 prime?
True
Is 1293 composite?
True
Is 15859 prime?
True
Is 367051 prime?
False
Is 1884853 composite?
False
Is 363981 prime?
False
Is 2495 composite?
True
Is 386777 a composite number?
False
Is 173567 prime?
False
Is 46933 a prime number?
True
Is 121883 prime?
True
Is 251 composite?
False
Is 34619 a composite number?
True
Is 211007 a composite number?
False
Is 307 a composite number?
False
Is 2321 a prime number?
False
Is 343867 a composite number?
True
Is 108863 a composite number?
False
Is 389 a prime number?
True
Is 253519 composite?
True
Is 2284773 prime?
False
Is 65749 a prime number?
False
Is 383335 a prime number?
False
Is 693337 composite?
False
Is 87199 prime?
False
Is 115887 composite?
True
Is 29567 a prime number?
True
Is 44789 prime?
True
Is 556117 a composite number?
True
Is 70969 prime?
True
Is 179161 a composite number?
False
Is 31351 a composite number?
True
Is 2357 a prime number?
True
Is 2514319 composite?
True
Is 543113 composite?
False
Is 8137813 composite?
False
Is 119463 prime?
False
Is 3103 composite?
True
Is 10937 prime?
True
Is 24853 a composite number?
True
Is 2787 a composite number?
True
Is 196499 a composite number?
False
Is 3989 prime?
True
Is 72859 a composite number?
False
Is 27143 a prime number?
True
Is 151783 prime?
True
Is 3053 a composit